 (base 3) to base 16.
-4aeaf
Convert -23855 (base 15) to base 9.
-182318
Convert a7515 (base 11) to base 15.
314d3
d6c4c (base 14) to base 12
20bb30
Convert -a4607 (base 13) to base 6.
-10155403
What is -162131 (base 10) in base 5?
-20142011
-3201233130 (base 4) to base 12
-387110
Convert -303424 (base 5) to base 2.
-10011010001000
What is 511869 (base 10) in base 14?
d4781
What is -3232131330 (base 4) in base 9?
-1747773
What is -1536494 (base 11) in base 6?
-132204424
What is -10014886 (base 10) in base 6?
-554353114
Convert 10010010 (base 5) to base 16.
133a3
What is -119900 (base 10) in base 11?
-820a0
10430041 (base 5) to base 2
10110100101101001
-82766 (base 13) to base 6
-5004005
What is 202200112212121 (base 3) in base 5?
10303301312
Convert -1417b8 (base 12) to base 7.
-2562443
What is 85a469 (base 11) in base 14?
27b3aa
10101100111110000101 (base 2) to base 3
1022222212012
121222132 (base 4) to base 10
105118
Convert -10b70 (base 13) to base 9.
-45761
125401415 (base 6) to base 9
4636152
What is -42132344 (base 6) in base 11?
-767639
What is -175a80 (base 11) in base 3?
-111210102020
What is -189a030 (base 13) in base 3?
-120012022110221
What is -1000001110011111111 (base 2) in base 15?
-54d12
What is -268a9 (base 14) in base 11?
-65426
Convert 22123131320 (base 4) to base 8.
12333570
Convert -55055464 (base 7) to base 16.
-480532
728a02 (base 11) to base 2
100011101010001110011
43526 (base 16) to base 4
1003110212
What is 322534 (base 9) in base 8?
567243
What is -21204011 (base 5) in base 10?
-178631
Convert -111444021 (base 6) to base 2.
-111110010110111101101
Convert -101110001000000001110111 (base 2) to base 11.
-6909593
Convert -2233568 (base 11) to base 15.
-5249b4
11021110222111 (base 3) to base 10
2273008
Convert -ad1bed (base 15) to base 5.
-4103223243
What is -a32bb (base 13) in base 4?
-1013131111
31032310031 (base 4) to base 6
202202045
What is -52206503 (base 8) in base 2?
-101010010000110101000011
Convert 111313210201 (base 4) to base 16.
577921
Convert -76f4b (base 16) to base 8.
-1667513
What is 428b1a (base 14) in base 5?
1034033020
-1424246 (base 7) to base 16
-2eacf
365164 (base 10) to base 15
732e4
What is -3498d (base 14) in base 6?
-2425041
1742430 (base 8) to base 15
a0d23
674860 (base 16) to base 7
111350632
What is -3212516 (base 7) in base 6?
-12205042
What is 665540 (base 7) in base 15?
24b0b
17455521 (base 8) to base 6
223331253
-31946 (base 12) to base 13
-23940
Convert -220221333 (base 5) to base 11.
-59617a
What is 1640230 (base 7) in base 5?
24300324
-c52330 (base 16) to base 8
-61221460
1011101111110100100 (base 2) to base 16
5dfa4
What is -1857325 (base 9) in base 12?
-42301b
b6b86 (base 12) to base 16
3aa16
5acb63 (base 13) to base 14
406d51
132210120 (base 4) to base 10
125208
-6102661 (base 10) to base 4
-113101322011
Convert -10111002112 (base 3) to base 5.
-4143334
What is 34134303 (base 7) in base 2?
1011010100010011100101
Convert 2102013323 (base 4) to base 8.
2220773
Convert -145624002 (base 7) to base 13.
-2036a4b
Convert 22026 (base 14) to base 12.
3b7aa
33032023 (base 4) to base 2
1111001110001011
-122021102020100 (base 3) to base 9
-18242210
Convert -14bb7c (base 13) to base 7.
-4230511
1100334200 (base 5) to base 14
454618
Convert -120211022211 (base 3) to base 7.
-2435140
Convert -222c0d (base 15) to base 8.
-6156427
What is 15136352 (base 7) in base 14?
2960d2
Convert 2626571 (base 8) to base 16.
b2d79
-1525b (base 16) to base 2
-10101001001011011
-2200333121 (base 5) to base 7
-54641115
What is 220021001 (base 3) in base 2?
100010100010110
Convert 21202000201 (base 3) to base 5.
14334010
10110011001001011000 (base 2) to base 3
1101021120012
Convert -26a7a (base 12) to base 4.
-31001332
What is -1341441 (base 5) in base 8?
-66142
What is -10221022122 (base 3) in base 13?
-29381
-2c2797 (base 14) to base 16
-178dd1
What is 10100011010101011 (base 2) in base 7?
465545
What is -839b (base 12) in base 3?
-201201102
What is -12421042 (base 5) in base 3?
-20021002122
What is 2013020200 (base 4) in base 14?
105a00
Convert -122204431 (base 5) to base 13.
-176364
-20221121211 (base 3) to base 5
-13334102
-35050406 (base 7) to base 11
-1808392
Convert 13c42ac (base 14) to base 2.
100100101011100010100000
112133101 (base 4) to base 13
32c08
-3030003121 (base 4) to base 8
-3140331
Convert 47b47 (base 12) to base 15.
1d9a4
26169 (base 13) to base 5
4224220
Convert 316428 (base 10) to base 9.
532046
What is 12122102020100 (base 3) in base 16?
2dc6c6
What is -22c98 (base 15) in base 10?
-110843
What is 233020332 (base 4) in base 5?
22134321
a51 (base 15) to base 11
1825
What is 1af9 (base 16) in base 12?
3bb5
What is -12023333201 (base 4) in base 6?
-54433105
What is 198c692 (base 13) in base 2?
100000001000101111101111
What is 1001101011100001011101 (base 2) in base 15?
351d10
-116332551 (base 7) to base 5
-3340242304
-213310130 (base 4) to base 3
-22021201202
Convert 636271 (base 10) to base 12.
268267
Convert a14572 (base 16) to base 14.
15919bc
-17d8b7 (base 14) to base 6
-30032013
What is -1305591 (base 10) in base 15?
-1abc96
What is 36b191 (base 13) in base 5?
313402244
-2786b (base 13) to base 5
-4331232
What is 1356304 (base 7) in base 13?
64c7b
Convert -22010103 (base 4) to base 5.
-2304420
-4523554 (base 8) to base 13
-33a5a1
What is -23078 (base 15) in base 5?
-12031423
Convert 370761 (base 8) to base 11.
87855
-101111111101001000 (base 2) to base 16
-2ff48
Convert a38098 (base 12) to base 14.
4aa804
210112042 (base 5) to base 12
357799
What is 5280a8a (base 11) in base 10?
9298343
What is 19353 (base 14) in base 11?
43a06
What is -1315603 (base 7) in base 15?
-3618d
What is -79519 (base 10) in base 7?
-450556
What is 2221321333 (base 4) in base 5?
134232220
Convert 10221012212022 (base 3) to base 12.
849a68
-5c7c (base 14) to base 13
-749a
99e92 (base 15) to base 12
1b719b
1c1a (base 14) to base 7
20633
What is 3433352 (base 10) in base 9?
6412605
Convert 4933 (base 13) to base 9.
15171
Convert 570474 (base 12) to base 13.
398893
What is -1c6672d (base 14) in base 12?
-4923bb1
What is 1033225 (base 6) in base 15?
102db
Convert 2cd4b (base 14) to base 5.
12044000
-a55647 (base 12) to base 9
-4804601
What is 13434040 (base 5) in base 10?
139895
What is 4c588 (base 13) in base 15?
2be2a
Convert -103002222 (base 7) to base 12.
-20709b0
What is -11101000110010000 (base 2) in base 10?
-119184
10400003 (base 5) to base 4
112020010
What is -307024 (base 8) in base 10?
-101908
-137345 (base 8) to base 2
-1011111011100101
Convert -39855 (base 13) to base 11.
-73332
Convert 3004113401 (base 5) to base 14.
b0392d
1da8d (base 16) to base 2
11101101010001101
-b95a9c (base 15) to base 9
-17544683
Convert a30674 (base 11) to base 9.
3102505
What is 2110202020 (base 3) in base 12?
241b0
What is 100111101000110110010101 (base 2) in base 3?
201112220200101
-264423 (base 10) to base 5
-31430143
Convert -1992782 (base 13) to base 7.
-131443460
What is 43301331 (base 5) in base 9?
622112
What is -1d0c8 (base 14) in base 2?
-10010001000011000
Convert -54521 (base 12) to base 3.
-12122201121
-111100100111100011100001 (base 2) to base 8
-74474341
What is 101011010101110110010110 (base 2) in base 7?
165400310
29cb8 (base 16) to base 7
1312050
3522053 (base 6) to base 13
64a49
What is 5c2da2 (base 16) in base 11?
3456763
What is -5098c0 (base 15) in base 7?
-44355636
What is 27d51b (base 14) in base 9?
2534627
-1001001111000101000000 (base 2) to base 6
-123520332
What is -128412 (base 9) in base 5?
-10001323
Convert 35959 (base 10) to base 8.
106167
What is -1012002022100 (base 3) in base 16?
-9a2f3
What is -81cd (base 15) in base 11?
-19666
Convert -1000001101000100111 (base 2) to base 11.
-173a8a
Convert -11010011000010001010 (base 2) to base 6.
-30305454
What is -1924879 (base 11) in base 12?
-11107a0
Convert -4cc7 (base 14) to base 7.
-54240
What is 26102300 (base 7) in base 14?
459d00
What is a55a1b (base 13) in base 8?
16603422
Convert 20212111110 (base 3) to base 9.
225443
Convert 4500066 (base 7) to base 2.
10000111011010110111
-124440422 (base 5) to base 16
-98767
210201202111201 (base 3) to base 9
23652451
-1010320320 (base 4) to base 6
-10014200
Convert -1044404 (base 5) to base 2.
-10010010010100